s the remainder when 818006 is divided by 609?
119
What is the remainder when 313421 is divided by 34?
9
What is the remainder when 8815248 is divided by 185?
183
What is the remainder when 679799 is divided by 5228?
159
What is the remainder when 19102 is divided by 6131?
709
What is the remainder when 28768 is divided by 28306?
462
Calculate the remainder when 6990243 is divided by 63.
15
Calculate the remainder when 64283 is divided by 641.
183
What is the remainder when 23028083 is divided by 9461?
9
Calculate the remainder when 1465533 is divided by 750.
33
Calculate the remainder when 237643 is divided by 7205.
7083
What is the remainder when 3437155 is divided by 3436992?
163
What is the remainder when 6709279 is divided by 958465?
24
What is the remainder when 4421 is divided by 1431?
128
What is the remainder when 260296 is divided by 2207?
2077
What is the remainder when 1637326 is divided by 163695?
376
What is the remainder when 1151549 is divided by 104682?
47
What is the remainder when 52470 is divided by 25384?
1702
What is the remainder when 31275070 is divided by 162?
160
What is the remainder when 11052 is divided by 1045?
602
Calculate the remainder when 1093290 is divided by 545166.
2958
Calculate the remainder when 4984641 is divided by 383432.
25
What is the remainder when 2928927 is divided by 75100?
27
What is the remainder when 1315827 is divided by 2459?
262
What is the remainder when 69386 is divided by 3638?
264
What is the remainder when 3034609 is divided by 907?
694
What is the remainder when 110088119 is divided by 552?
551
Calculate the remainder when 521632 is divided by 130396.
48
Calculate the remainder when 16488 is divided by 1830.
18
What is the remainder when 3964302 is divided by 848?
750
Calculate the remainder when 94201 is divided by 94142.
59
Calculate the remainder when 173525 is divided by 13348.
1
Calculate the remainder when 1310596 is divided by 87353.
301
Calculate the remainder when 63275 is divided by 10542.
23
Calculate the remainder when 24202638 is divided by 77.
75
Calculate the remainder when 4770976 is divided by 1192703.
164
What is the remainder when 149200352 is divided by 1107?
1106
What is the remainder when 193946 is divided by 7020?
4406
What is the remainder when 5422274 is divided by 4715?
24
Calculate the remainder when 372363 is divided by 44.
35
What is the remainder when 2907370 is divided by 30?
10
What is the remainder when 178213 is divided by 2174?
2119
Calculate the remainder when 421061250 is divided by 6959.
6955
Calculate the remainder when 1362252 is divided by 396.
12
Calculate the remainder when 3001855 is divided by 58.
7
Calculate the remainder when 271754 is divided by 1224.
26
What is the remainder when 2506855 is divided by 95?
90
What is the remainder when 807784 is divided by 793?
510
Calculate the remainder when 6620040 is divided by 413751.
24
What is the remainder when 12686185 is divided by 1534?
5
What is the remainder when 202474 is divided by 20241?
64
What is the remainder when 10762858 is divided by 410?
358
What is the remainder when 151399 is divided by 540?
199
What is the remainder when 2105 is divided by 1855?
250
Calculate the remainder when 26404779 is divided by 10.
9
What is the remainder when 36105368 is divided by 54?
50
Calculate the remainder when 961019 is divided by 12.
11
What is the remainder when 48547 is divided by 2078?
753
What is the remainder when 31715 is divided by 2620?
275
What is the remainder when 96207079 is divided by 190887?
31
Calculate the remainder when 277569407 is divided by 1208.
1207
Calculate the remainder when 2938213 is divided by 223.
188
Calculate the remainder when 8749305 is divided by 1457.
20
Calculate the remainder when 3715154 is divided by 1351.
1255
What is the remainder when 20352929 is divided by 5088210?
89
What is the remainder when 1198644 is divided by 202?
178
Calculate the remainder when 4580874 is divided by 2654.
70
Calculate the remainder when 474811 is divided by 473961.
850
Calculate the remainder when 1185948 is divided by 2059.
2023
Calculate the remainder when 194779 is divided by 390.
169
Calculate the remainder when 27346967 is divided by 1606.
1605
What is the remainder when 5163323 is divided by 3270?
3263
What is the remainder when 1558850 is divided by 5413?
5319
Calculate the remainder when 952438 is divided by 12.
10
Calculate the remainder when 766383 is divided by 1292.
227
What is the remainder when 100190 is divided by 33392?
14
What is the remainder when 905879 is divided by 237?
65
Calculate the remainder when 11351283 is divided by 34927.
8
What is the remainder when 333259 is divided by 1099?
262
What is the remainder when 16071802 is divided by 756?
754
Calculate the remainder when 365037 is divided by 713.
694
Calculate the remainder when 4977614 is divided by 87.
83
What is the remainder when 4600 is divided by 2208?
184
Calculate the remainder when 17676 is divided by 1791.
1557
Calculate the remainder when 140544 is divided by 97.
88
What is the remainder when 39239981 is divided by 121486?
3
What is the remainder when 86670 is divided by 3329?
116
What is the remainder when 97222 is divided by 23877?
1714
What is the remainder when 965018 is divided by 116?
14
Calculate the remainder when 1502962 is divided by 1215.
7
What is the remainder when 71388167 is divided by 195584?
7
What is the remainder when 9062625 is divided by 12?
9
Calculate the remainder when 133211957 is divided by 16651493.
13
Calculate the remainder when 145331 is divided by 10373.
109
What is the remainder when 2468382 is divided by 1320?
1302
Calculate the remainder when 9027561 is divided by 30.
21
What is the remainder when 1614715 is divided by 9074?
8617
Calculate the remainder when 607795 is divided by 13813.
23
What is the remainder when 1651883 is divided by 1156?
1115
What is the remainder when 240290 is divided by 6140?
830
What is the remainder when 3575738 is divided by 715143?
23
Calculate the remainder when 3540150 is divided by 2096.
6
What is the remainder when 937251 is divided by 66945?
21
Calculate the remainder when 54932 is divided by 5962.
1274
What is the remainder when 13045176 is divided by 111?
12
Calculate the remainder when 121257 is divided by 1406.
341
Calculate the remainder when 4610480 is divided by 1776.
1760
What is the remainder when 1293634 is divided by 3945?
3619
What is the remainder when 16516758 is divided by 23?
21
Calculate the remainder when 23840247 is divided by 285.
282
What is the remainder when 51216 is divided by 657?
627
Calculate the remainder when 89726104 is divided by 33.
28
What is the remainder when 5051643 is divided by 247?
246
What is the remainder when 80722 is divided by 38699?
3324
What is the remainder when 101470 is divided by 50021?
1428
What is the remainder when 478211 is divided by 95544?
491
Calculate the remainder when 440830 is divided by 33.
16
What is the remainder when 43655463 is divided by 55?
38
What is the remainder when 5520430 is divided by 229?
156
Calculate the remainder when 19627278 is divided by 208.
190
What is the remainder when 3313912 is divided by 2830?
2812
Calculate the remainder when 3850225 is divided by 5629.
5618
What is the remainder when 3868129 is divided by 78?
31
Calculate the remainder when 12333162 is divided by 4111004.
150
Calculate the remainder when 982028 is divided by 763.
47
Calculate the remainder when 106871 is divided by 871.
609
What is the remainder when 144295 is divided by 890?
115
What is the remainder when 53188 is divided by 799?
454
Calculate the remainder when 5698014 is divided by 148.
14
Calculate the remainder when 1350709 is divided by 217.
101
Calculate the remainder when 345258 is divided by 69042.
48
Calculate the remainder when 541691745 is divided by 117.
114
What is the remainder when 1152661 is divided by 164430?
1651
What is the remainder when 131396 is divided by 494?
486
What is the remainder when 10553372 is divided by 422?
418
What is the remainder when 15050889 is divided by 17624?
17617
Calculate the remainder when 191286 is divided by 3298.
2
Calculate the remainder when 11670731 is divided by 262.
203
Calculate the remainder when 12004743 is